{"id":858,"date":"2020-07-09T16:37:32","date_gmt":"2020-07-09T16:37:32","guid":{"rendered":"https:\/\/www.linfinideco.com\/?page_id=858"},"modified":"2020-07-09T20:22:38","modified_gmt":"2020-07-09T20:22:38","slug":"donnees-personnelles","status":"publish","type":"page","link":"https:\/\/www.linfinideco.com\/?page_id=858","title":{"rendered":"Donn\u00e9es personnelles"},"content":{"rendered":"<p>[et_pb_section fb_built=\u00a0\u00bb1&Prime; admin_label=\u00a0\u00bbHero Section\u00a0\u00bb _builder_version=\u00a0\u00bb3.22&Prime; custom_padding=\u00a0\u00bb0|0px|0px|0px\u00a0\u00bb][et_pb_row make_equal=\u00a0\u00bbon\u00a0\u00bb _builder_version=\u00a0\u00bb4.4.9&Prime; width=\u00a0\u00bb100%\u00a0\u00bb max_width=\u00a0\u00bb100%\u00a0\u00bb custom_margin=\u00a0\u00bb|auto|-4px|auto||\u00a0\u00bb custom_padding=\u00a0\u00bb0px|0|0px|\u00a0\u00bb use_custom_width=\u00a0\u00bbon\u00a0\u00bb width_unit=\u00a0\u00bboff\u00a0\u00bb custom_width_percent=\u00a0\u00bb100%\u00a0\u00bb][et_pb_column type=\u00a0\u00bb4_4&Prime; _builder_version=\u00a0\u00bb3.25&Prime; custom_padding=\u00a0\u00bb200px|8%|260px|8%\u00a0\u00bb custom_padding_tablet=\u00a0\u00bb80px|10%|80px|10%\u00a0\u00bb custom_padding_phone=\u00a0\u00bb\u00a0\u00bb custom_padding_last_edited=\u00a0\u00bbon|tablet\u00a0\u00bb padding_tablet=\u00a0\u00bb80px|10%|80px|10%\u00a0\u00bb padding_last_edited=\u00a0\u00bbon|tablet\u00a0\u00bb custom_padding__hover=\u00a0\u00bb|||\u00a0\u00bb][et_pb_text _builder_version=\u00a0\u00bb4.4.9&Prime; text_font=\u00a0\u00bb||||||||\u00a0\u00bb header_font=\u00a0\u00bb||||||||\u00a0\u00bb header_3_font=\u00a0\u00bbKarla|700||on|||||\u00a0\u00bb header_3_text_color=\u00a0\u00bb#c2ab92&Prime; header_3_font_size=\u00a0\u00bb16px\u00a0\u00bb header_3_letter_spacing=\u00a0\u00bb1px\u00a0\u00bb background_layout=\u00a0\u00bbdark\u00a0\u00bb max_width=\u00a0\u00bb600px\u00a0\u00bb module_alignment=\u00a0\u00bbleft\u00a0\u00bb custom_margin=\u00a0\u00bb||20px|\u00a0\u00bb locked=\u00a0\u00bboff\u00a0\u00bb]<\/p>\n<h3>Traitement des donn\u00e9es personnelles (Cookies)<\/h3>\n<p>[\/et_pb_text][et_pb_text _builder_version=\u00a0\u00bb4.4.9&Prime; text_font=\u00a0\u00bbKarla||||||||\u00a0\u00bb text_font_size=\u00a0\u00bb18px\u00a0\u00bb text_line_height=\u00a0\u00bb1.8em\u00a0\u00bb header_font=\u00a0\u00bbCormorant Garamond||||||||\u00a0\u00bb header_font_size=\u00a0\u00bb56px\u00a0\u00bb header_line_height=\u00a0\u00bb1.4em\u00a0\u00bb header_2_font=\u00a0\u00bb||||||||\u00a0\u00bb header_3_font=\u00a0\u00bb||||||||\u00a0\u00bb module_alignment=\u00a0\u00bbcenter\u00a0\u00bb header_font_size_tablet=\u00a0\u00bb40px\u00a0\u00bb header_font_size_phone=\u00a0\u00bb\u00a0\u00bb header_font_size_last_edited=\u00a0\u00bbon|tablet\u00a0\u00bb locked=\u00a0\u00bboff\u00a0\u00bb]<\/p>\n<p>Veuillez trouver ci-dessous le texte concernant notre politique sur le traitement des donn\u00e9es personnelles\u00a0 et qui a pour objectif de vous informer sur la mani\u00e8re dont nous utilisons vos informations\u00a0 recueillies sur notre site et la m\u00e9thode pour proc\u00e9der \u00e0 des modifications si vous le d\u00e9sirez.<\/p>\n<p>Nature des donn\u00e9es personnelles collect\u00e9es :<\/p>\n<p>Les informations que nous pouvons collecter proviennent soit de :<\/p>\n<p>&#8211; La saisie volontaire d&rsquo;une adresse e-mail vous permettant de communiquer avec nous via l\u2019adresse email contact@linfinideco.com<\/p>\n<p>&#8211; Les donn\u00e9es que nous collectons peuvent \u00eatre transmises aux prestataires (artisans).<\/p>\n<p>&#8211; A tout moment, vous avez le droit de r\u00e9cup\u00e9rer les donn\u00e9es que vous avez fournies en nous contactant.<\/p>\n<p>Demande de rectification et d&rsquo;effacement: Pour toute demande que vous pourriez avoir concernant la rectification et\/ou l&rsquo;effacement de vos donn\u00e9es personnelles, veuillez nous contacter via l\u2019adresse email\u00a0: contact@linfinideco.com<\/p>\n<p>Nous examinerons votre demande et vous r\u00e9pondrons dans les plus brefs d\u00e9lais.<\/p>\n<p>Conform\u00e9ment \u00e0 la loi Informatique et Libert\u00e9s en date du 6 janvier 1978, vous disposez par ailleurs d&rsquo;un droit d&rsquo;acc\u00e8s, de rectification, de modification et de suppression concernant les donn\u00e9es qui vous concernent.<\/p>\n<p>Fonctionnement des Cookies :<\/p>\n<p>Les cookies plac\u00e9s sur les ordinateurs, tablettes ou smartphones des utilisateurs sont surtout utilis\u00e9s pour faciliter l&rsquo;acc\u00e8s \u00e0 leurs comptes paniers en cours, suivi des commandes, analyses de performance, d&rsquo;audience, affichage de popup, logiciel de messagerie d&rsquo;aide en ligne ainsi que d&rsquo;autres outils tous s\u00e9curis\u00e9s. Un cookie\u00a0 ne nous donne en aucun cas acc\u00e8s \u00e0 votre ordinateur, tablette ou smarphone ou \u00e0 aucune information permettant de remonter \u00e0 une personne physique, mais seulement\u00a0 acc\u00e8s aux donn\u00e9es que vous souhaitez partager avec nous. Ces cookies peuvent \u00eatre refus\u00e9s et supprim\u00e9s ou pr\u00e9venir de leur r\u00e9ception par un message. Veuillez consulter la rubrique d&rsquo;aide de votre navigateur internet afin de configurer\u00a0 ces options. Pour plus d\u2019information sur les cookies, vous pouvez vous rendre sur le site de la CNIL, \u00e0 l&rsquo;adresse suivante : http:\/\/www.cnil.fr\/vos-droits\/vos-traces\/les-cookies\/.<\/p>\n<p>&nbsp;<\/p>\n<p>[\/et_pb_text][\/et_pb_column][\/et_pb_row][\/et_pb_section]<\/p>\n","protected":false},"excerpt":{"rendered":"<p>Traitement des donn\u00e9es personnelles (Cookies)Veuillez trouver ci-dessous le texte concernant notre politique sur le traitement des donn\u00e9es personnelles\u00a0 et qui a pour objectif de vous informer sur la mani\u00e8re dont nous utilisons vos informations\u00a0 recueillies sur notre site et la m\u00e9thode pour proc\u00e9der \u00e0 des modifications si vous le d\u00e9sirez. Nature des donn\u00e9es personnelles collect\u00e9es [&hellip;]<\/p>\n","protected":false},"author":1,"featured_media":0,"parent":0,"menu_order":0,"comment_status":"closed","ping_status":"closed","template":"","meta":{"_et_pb_use_builder":"on","_et_pb_old_content":"","_et_gb_content_width":"","footnotes":""},"class_list":["post-858","page","type-page","status-publish","hentry"],"_links":{"self":[{"href":"https:\/\/www.linfinideco.com\/index.php?rest_route=\/wp\/v2\/pages\/858","targetHints":{"allow":["GET"]}}],"collection":[{"href":"https:\/\/www.linfinideco.com\/index.php?rest_route=\/wp\/v2\/pages"}],"about":[{"href":"https:\/\/www.linfinideco.com\/index.php?rest_route=\/wp\/v2\/types\/page"}],"author":[{"embeddable":true,"href":"https:\/\/www.linfinideco.com\/index.php?rest_route=\/wp\/v2\/users\/1"}],"replies":[{"embeddable":true,"href":"https:\/\/www.linfinideco.com\/index.php?rest_route=%2Fwp%2Fv2%2Fcomments&post=858"}],"version-history":[{"count":4,"href":"https:\/\/www.linfinideco.com\/index.php?rest_route=\/wp\/v2\/pages\/858\/revisions"}],"predecessor-version":[{"id":878,"href":"https:\/\/www.linfinideco.com\/index.php?rest_route=\/wp\/v2\/pages\/858\/revisions\/878"}],"wp:attachment":[{"href":"https:\/\/www.linfinideco.com\/index.php?rest_route=%2Fwp%2Fv2%2Fmedia&parent=858"}],"curies":[{"name":"wp","href":"https:\/\/api.w.org\/{rel}","templated":true}]}}